MONTHLY CLIMATOLOGICAL SUMMARY for APR. 2024 NAME: SE Lincoln Weather CITY: Lincoln STATE: NE ELEV: 1240 LAT: 040:47:26 LONG: 0096:37:54 TEMPERATURE ( °F), RAIN (in.), WIND SPEED (mph) HEAT COOL AVG MEAN DEG DEG WIND DOM DAY TEMP HIGH TIME LOW TIME DAYS DAYS RAIN SPEED HIGH TIME DIR -------------------------------------------------------------------------------------------------------- 01 46.8 049.5 00:02 40.8 00:00 18.1 00.0 00.00 004 024 04:41 NE 02 46.5 059.9 15:26 37.8 07:47 18.4 00.0 00.00 005 020 16:53 NNW 03 46.3 057.3 16:04 36.5 07:40 18.7 00.0 00.00 005 023 02:24 NW 04 48.7 064.7 17:01 33.7 07:32 16.2 00.0 00.00 002 017 12:14 NNW 05 49.6 064.9 16:26 31.8 07:16 15.3 00.0 00.00 004 022 16:26 ESE 06 54.0 068.7 16:03 41.4 07:32 10.9 00.0 00.35 011 039 17:40 ESE 07 54.0 061.5 17:23 47.1 04:55 11.0 00.0 00.00 005 024 14:52 SW 08 52.9 067.6 17:18 38.8 07:35 12.0 00.0 00.00 003 021 16:43 WSW 09 54.2 071.1 17:41 35.6 07:14 10.7 00.0 00.00 001 016 16:14 W 10 62.2 077.4 16:23 47.4 07:05 02.7 00.0 00.00 003 020 21:22 W 11 54.4 063.9 15:35 43.5 07:18 10.5 00.0 00.00 004 024 13:46 NW 12 56.8 071.8 16:16 38.9 07:28 08.1 00.0 00.00 001 012 23:59 SW 13 70.0 088.8 17:34 51.2 07:02 00.0 05.0 00.00 005 018 13:06 S 14 74.4 090.0 15:09 55.8 07:28 00.0 09.4 00.00 003 021 16:15 ENE 15 71.6 085.9 16:34 57.3 06:51 00.0 06.7 00.06 008 032 18:04 ESE 16 65.1 075.0 12:51 55.0 00:00 00.0 00.2 00.60 007 026 12:19 S 17 61.1 072.8 14:51 50.8 07:51 03.8 00.0 00.00 003 020 02:09 NW 18 50.4 060.1 16:05 42.5 08:34 14.6 00.0 00.00 003 020 07:53 NNW 19 49.3 061.3 13:13 39.4 03:46 15.6 00.0 00.00 002 012 22:47 NW 20 44.6 055.9 15:42 32.0 07:12 20.4 00.0 00.00 002 013 13:45 NW 21 48.8 065.8 16:58 29.3 07:12 16.1 00.0 00.00 001 012 15:10 W 22 61.3 077.8 16:43 46.4 02:55 03.6 00.0 00.00 005 032 13:10 SSW 23 62.6 072.4 15:09 50.2 00:00 02.3 00.0 00.00 002 017 15:42 NNW 24 58.8 072.8 15:12 39.8 07:05 06.2 00.0 00.00 002 013 17:06 ESE 25 55.0 063.0 00:09 51.4 11:25 10.0 00.0 00.36 006 025 22:27 ESE 26 62.1 080.2 15:42 52.7 00:03 02.8 00.0 00.09 008 028 17:41 SSE -------------------------------------------------------------------------------------------------------- 56.2 (56.3) 90.0 day 14 29.3 day 21 248.1 021.3 01.46 04.0 039 day 06 SE Max >= 86: 2 Min <= 86: 26 Max Rain: 0.60 ON 16-04-24 Days of Rain: 5 (> .008in) 4 (> .08in) 0 (> 0.8in)